lculate the remainder when n is divided by (-2)/(7/9 + -1).
8
Calculate the remainder when 32 + (-3)/((-12)/(-4)) is divided by 17.
14
Suppose 2*g + 52 - 124 = 0. What is the remainder when g is divided by 5?
1
Suppose 5*f + w = 261, -5*f + 22 = -w - 237. Calculate the remainder when f is divided by 18.
16
Suppose -s + 150 = -0*a + 3*a, -5*s + 674 = -4*a. Calculate the remainder when s is divided by 35.
33
What is the remainder when (8/10)/(1/135) is divided by (74 + 0)*(2 + (-9)/6)?
34
Suppose 0 = v + 2*v + 2*n - 46, -76 = -4*v + n. Calculate the remainder when 35 is divided by v.
17
Let m(n) = n**3 + 8*n**2 - 11*n - 15. Calculate the remainder when 3 is divided by m(-9).
0
Let o(k) = k**3 - 9*k**2 - 4*k + 9. Calculate the remainder when o(10) is divided by 12.
9
Suppose -4*t + 0*t = -4*o - 200, -t = -4*o - 56. What is the remainder when t is divided by 13?
9
Calculate the remainder when ((-99)/(-12))/((-5)/(-20)) is divided by 5.
3
Let p(x) = x**3 - 7*x**2 + 4*x + 8. Let d be p(6). Calculate the remainder when 18 is divided by (10/3)/(d/(-6)).
3
Let s(j) = 22*j**2 - 2*j - 4. Let w = 10 - 12. What is the remainder when s(w) is divided by 30?
28
Suppose 12*n - 6*n - 48 = 0. Calculate the remainder when 45 is divided by n.
5
Let j(o) = -o**2 - 2*o. Let p be j(4). Suppose -7*t = -3*t + 140. Let g = p - t. What is the remainder when 31 is divided by g?
9
Let n = 145 - 85. Calculate the remainder when n is divided by 8.
4
Suppose -2*g + 2 + 2 = 0. Suppose -g = 2*z + 5*d, -2*z + z = 5*d + 11. Calculate the remainder when z is divided by 5.
4
Suppose 5*u = 2*u + 3*j + 144, 56 = u - 5*j. Calculate the remainder when u is divided by 12.
10
Let k = 13 - 3. What is the remainder when 2*29/4*2 is divided by k?
9
Suppose 0 = k - 5 + 1. Let h(b) = -2*b + 14. Let w be h(6). Suppose c - w = -g, g - 4*c + 3*c - 10 = 0. What is the remainder when g is divided by k?
2
Let n(d) = d**3 - d**2 + d + 3. Let m be n(0). Suppose w - 11 = y, 2*w = -m*y - y + 52. Calculate the remainder when 46 is divided by w.
14
Let x(p) = -p**3 + 4*p**2 + 4*p + 1. What is the remainder when x(4) is divided by 6?
5
Let a be 36/(-2)*50/(-6). What is the remainder when ((-6)/18)/((-2)/a) is divided by 13?
12
Suppose 2*i = 4*i - 56. Let d be 0/(-2 + (-12)/(-3)). Suppose 5*c - 29 - 46 = d. Calculate the remainder when i is divided by c.
13
Let h(s) = 8*s - 7. Let k(p) = -p - 3. Calculate the remainder when h(2) is divided by k(-6).
0
Calculate the remainder when 4/3 - (-246)/18 is divided by 8.
7
Suppose -5*o = -3*o. Suppose a - 5*m - 1 = o, 3*m = -5*a - 2*m + 125. Let k = a + -11. Calculate the remainder when 29 is divided by k.
9
Let w(o) = o + 8. Let m(z) = 2*z + 7. Let u(t) = -2*m(t) + 3*w(t). What is the remainder when u(6) is divided by (1 + 0)/(2/6)?
1
What is the remainder when (1 - 15/4)*-12 is divided by 12?
9
Let a(u) = 2*u**2 + 16*u + 17. Calculate the remainder when 48 is divided by a(-7).
0
Let c = 35 + -33. Suppose -6 - 2 = -4*n. Calculate the remainder when c is divided by n.
0
Suppose -2*u + 3*u + 6 = 0. Let p(x) = -x**2 - 6*x + 1. Let l be p(u). Let a = 18 - l. What is the remainder when 50 is divided by a?
16
Suppose -z = l - 58, 3*l = 4*z - l - 216. What is the remainder when z is divided by 22?
12
Suppose 7*j = 10*j - 33. Calculate the remainder when 62 is divided by j.
7
Let b = 31 + -53. Let g = b - -36. What is the remainder when 27 is divided by g?
13
Suppose 0*z - 42 = -z. Let v = -186 - -274. Let q = v - z. What is the remainder when q is divided by 16?
14
Let q be ((-16)/(-24))/((-4)/(-186)). Suppose -j + 13 = 3*b, 0*j + 4*j = -5*b + q. Calculate the remainder when 11 is divided by b.
2
Let x(n) = -6*n**3 - 5*n**2 + 4*n + 2. Let l(i) = i**3 + i**2 - i. Let s(r) = -5*l(r) - x(r). What is the remainder when s(3) is divided by 10?
8
Let s = -4 + 7. Let j(k) = -k**2 + 4*k + 4. Calculate the remainder when j(3) is divided by s.
1
Let b = 54 - 17. What is the remainder when b is divided by 13?
11
Suppose -31*l + 1 = -32*l. Let r be 22 + (-1)/1*0. Let i = r + l. What is the remainder when i is divided by 11?
10
Let i = -19 + 42. What is the remainder when 43 is divided by i?
20
Let s(p) be the first derivative of 6*p + 2*p**3 - 5*p**2 + 3*p**2 - 3*p - 2. What is the remainder when 56 is divided by s(2)?
18
Suppose -5*u = -10 - 20. Suppose 5*a + 3*p = -23, 5*a - 2*p + 6 = -12. Let w = a + u. Calculate the remainder when w is divided by 2.
0
Let m be 2*(-2)/8*-10. Suppose m*n - 176 = n. Calculate the remainder when n is divided by 23.
21
Let c = -84 + 139. What is the remainder when c is divided by 19?
17
Suppose 0 = -4*i + 19 + 25. Let l(s) = s**3 - 10*s**2 + s - 8. Let g be l(10). Let w = 4 + g. What is the remainder when i is divided by w?
5
Suppose -3*b = 4*n - 22, -b = -2*b + 5*n + 1. Let s(u) = u**2 + 7*u - 8. What is the remainder when s(-10) is divided by b?
4
Suppose 3*f + 62 = 2*q, -2*q - 3*f + 88 = 2*q. Let n = q - 12. Calculate the remainder when 25 is divided by n.
12
Let k(x) = -x + 194. Let d be k(0). Suppose 4*i + 2*j + d = 0, 1 = 3*j - 2. Let s = i + 88. What is the remainder when s is divided by 14?
11
Let j be (-4)/18 - 76/(-18). Suppose j*y - 2*a = 9*y - 18, y + 14 = 4*a. What is the remainder when 5 - -5 - 9/3 is divided by y?
1
Let m(k) = -k**3 + 5*k**2 + 2*k - 8. Calculate the remainder when 10 is divided by m(5).
0
Let c(y) be the third derivative of -y**4/24 - y**3/3 + 2*y**2. Let n be c(-2). Suppose 2*l = -n*l + 30. What is the remainder when 44 is divided by l?
14
Suppose 9 = 2*b + d, 2*d + 9 = 5*d. Suppose -4 = -j - 4*y, -b*j + 4*y = 2*j - 20. What is the remainder when ((-33)/(-12))/((-2)/(-8)) is divided by j?
3
Let y = 9 + -9. Suppose y = 4*f + 3 - 23. What is the remainder when f is divided by 3?
2
Let z(j) = j + 14. Calculate the remainder when 38 is divided by z(0).
10
Let m(s) = -4*s. Suppose 0 = -7*f + 4*f - 9. Calculate the remainder when 22 is divided by m(f).
10
Let r be (-3)/2*28/(-21). Suppose -4*p + 5*g = 25, -3*g = -4*p - r*g - 5. Let t = p + 20. Calculate the remainder when 59 is divided by t.
19
Let s = 13 + 0. Let c = 21 - -4. Calculate the remainder when c is divided by s.
12
Let r = -43 + 55. What is the remainder when 83 is divided by r?
11
Let o(g) = -g - 1. Let p be o(-3). Suppose -3*w = p*w - 245. What is the remainder when w is divided by 17?
15
Let b(z) = z**2 - 3*z + 2. Calculate the remainder when b(-3) is divided by 19.
1
Suppose 4*j + 10*y = 8*y + 4, -3 = -3*j - y. Suppose -6*h + 4 = -2*h. Calculate the remainder when j is divided by h.
0
Let c = 23 + -13. Suppose 0 = 4*n - 3*t - 36, -5*n - 2*t + 34 = -3*t. Calculate the remainder when c is divided by n.
4
Let l(v) = 6*v + 7. Let z be l(-6). Let o = z + 54. Calculate the remainder when o is divided by 13.
12
Suppose 0 = 6*f - 11*f + 10. Suppose f*l + 0*m - 15 = m, 2*m = -4*l + 50. Calculate the remainder when 28 is divided by l.
8
Let q = -7 + 12. Let p = q - -1. What is the remainder when 17 is divided by p?
5
Suppose -l = l - 26. Calculate the remainder when 23 is divided by l.
10
Let k be 417/(-15) + (-3)/15. Suppose 0 = 4*t + t + 75. Let c = t - k. What is the remainder when 25 is divided by c?
12
Let i = -54 + 64. Calculate the remainder when 36 is divided by i.
6
Suppose 2*o = -o + 18. Calculate the remainder when (18/(-12))/(o/(-40)) is divided by 4.
2
Suppose 3*v = -i + 24 - 1, 0 = 2*v + i - 17. Let f = v - 2. Calculate the remainder when 10 is divided by f.
2
Let o(h) be the third derivative of h**5/60 - h**4/6 - 5*h**3/6 - h**2. Let d be o(5). Let y = d + 2. What is the remainder when y is divided by 1?
0
Let l = -13 + 25. Calculate the remainder when l is divided by 5.
2
Suppose -20 = 4*b + 5*a, 3*b - 4*a - 11 = 5. Suppose -c = -b*c - 11. What is the remainder when 19 is divided by c?
8
Let y = -2 - -6. Suppose -9 + 3 = -2*g. Calculate the remainder when y is divided by g.
1
Suppose 5*d - 53 = 5*g + 2, -4*d = -2*g - 34. Let v be 28/d - (-1)/3. Let p = 13 - v. What is the remainder when p is divided by 3?
2
What is the remainder when 30 is divided by (-4*3/(-6))/(9/36)?
6
Let c(n) = n**2 + 2*n + 5. Suppose -16 = 4*w - 0*w. Suppose 5*l = -2*p + 41, -l - 3*l + 22 = -2*p. What is the remainder when c(w) is divided by l?
6
Let z be (8/(-5))/((-14)/315)